862)). Let x = c - -51756. Is x composite?
True
Suppose 0 = -2*w + 5*k + 17, 20 = -0*k + 4*k. Let x = w - 33. Is ((-6)/x)/((-2)/(-2456)) composite?
True
Let o = -2635 - -5934. Is o composite?
False
Let a(d) = -2*d**3 + 3*d**2 - 3*d. Let z be a(2). Is (-242 - (-2 - (-5)/z))*-2 prime?
True
Let m(b) = -923*b + 54. Let t(p) = p. Let c(z) = -m(z) + 2*t(z). Is c(7) prime?
True
Is 1151 - (-30)/(-40)*-8 a composite number?
True
Suppose 46*w - 287112 = 32*w. Is 0 + ((-2)/(-10) - w/(-10)) composite?
True
Suppose 0 = 11*n - 16*n - 5190. Let u = n - -1453. Is u prime?
False
Let l be 16*1/2 - (-1 + 2). Suppose l*d = 4*d + 21. Suppose 2668 = -3*y + d*y. Is y a composite number?
True
Let n(l) be the third derivative of -31*l**4/6 + 47*l**3/6 - 26*l**2 + 9. Let u be (6/(-8))/((-3)/(-24)). Is n(u) a composite number?
True
Let w(b) = 5*b + 3. Let m be w(4). Suppose -2*x = -4*k + x + 13, 0 = -4*k + x + m. Let s(a) = 19*a**2 - 13*a - 1. Is s(k) a composite number?
False
Let a(d) = -8*d - 51. Suppose 6 = -5*f + 1, f = -4*b - 29. Let j be a(b). Suppose -h = 2*p - 101 - 322, j*p - 1053 = 2*h. Is p a prime number?
True
Let j(s) = 7602*s**2 - 32*s + 33. Is j(1) composite?
False
Let r(k) = -2*k**2 + 8*k + 6. Let v be r(3). Is 3027/6*v/3 composite?
True
Is 13063*(-25 - -14)*-1 a prime number?
False
Let n be (6 - 4)*((-28)/(-8) - 2). Suppose 4*c + 1327 = 2*d + 13019, -n*c + 2*d + 8771 = 0. Is c a prime number?
False
Let f(r) = -r**2 - 19*r - 18. Suppose -16*a = -5*a + 198. Let c be f(a). Suppose 0 = -c*v - v + 1361. Is v a composite number?
False
Suppose 2*j + 8 = -0, -i + 4*j - 182 = 0. Let s = i - -325. Is s a prime number?
True
Let r(b) = -b**2 + 187*b + 3*b**2 - 142*b - 37 - 14. Is r(-32) composite?
False
Suppose 0 = 2*o + 2*o - 20. Suppose 5*m + 20 = o*a, 5*a + 4*m - 20 = -m. Suppose -4*j = a*x - 0*j - 2720, 0 = x - 3*j - 668. Is x a composite number?
False
Suppose 0 = -32*r + 3325615 + 4275889. Is r a prime number?
True
Let p(s) = 2021*s**2 - 40*s + 38. Is p(11) composite?
True
Let u = 196126 - 132149. Is u a composite number?
False
Let c be 7 + (-5 - (2 - 3)). Let v be (-8)/(-14)*(-14)/(-4). Suppose 1172 = 4*b - v*n + 4*n, c*n + 1443 = 5*b. Is b a prime number?
False
Is (3120/45)/(-8)*(-101799)/6 prime?
False
Let f(b) = 54*b - 17. Suppose -33*i = -24*i - 36. Is f(i) a composite number?
False
Let p = 248 + 475. Suppose 1016 = -5*u + 9*u. Let x = u + p. Is x prime?
True
Let z = -42 + 44. Is 1 - (z/(-11) - (-149520)/(-77)) a composite number?
True
Let x(q) = 108*q**2 - 5. Let r be x(7). Let g = r - 2442. Is g prime?
False
Let s(w) = -w**3 + 27*w**2 - 4*w + 16. Let r(z) = 23*z**2 + 22*z**2 + 21 - z**2 + 2*z**3. Let g be r(-22). Is s(g) prime?
False
Is (327655/57)/(15/9) a composite number?
False
Is ((-4057154)/(-25))/2 - 34/425 composite?
True
Suppose -4*q + 2*f = -2*q - 98, -2*q - 5*f + 63 = 0. Let u be ((-42)/6)/((-2)/(-42)). Let w = q - u. Is w composite?
False
Let z be -5*(-8)/(-140) - 82968/(-14). Let q = 8839 - z. Suppose -7*r + q = -4*r. Is r prime?
True
Let m be 16906 + 3/(-9)*15. Let u = m - 1114. Is u composite?
False
Suppose -6267655 - 456308 = -16*t + 7*t. Is t a composite number?
False
Suppose -28738 = 5*x - 3*z - z, -3*x - 17234 = 2*z. Let s = x + 13043. Is s a composite number?
False
Let d = -482 + 325. Let q = 631 + -915. Let n = d - q. Is n a prime number?
True
Let z(s) be the second derivative of -s**3 + s**2 + 22*s. Let r be z(-1). Suppose 3580 = -4*p + r*p. Is p composite?
True
Let s = -115 - -112. Is s/5 - (74464/10)/(-4) a composite number?
False
Let x(m) = 5643*m**3 - m. Let v be x(1). Suppose v - 107 = -9*n. Let j = 1172 + n. Is j prime?
True
Is (2/31)/((-6)/6) + 795478020/620 prime?
False
Let j(h) = h**3 + 168*h**2 - 91*h + 71. Is j(-56) composite?
False
Let s = 118568 - 81919. Is s composite?
True
Is 1/(-2)*(-468 - 262394) a prime number?
True
Let v(q) = q - 12. Let p be 2/(0 - (-3)/24). Let b be v(p). Suppose -24 = -b*i - 8, 179 = x + 4*i. Is x a prime number?
True
Let f(k) = 534*k**2 - 299*k - 7314. Is f(-25) composite?
False
Suppose -g + 40 = 3*g + 3*m, 0 = g - 5*m + 13. Suppose 0 = -g*b + 16133 + 20820. Is b a composite number?
False
Is 165/660 - ((-3)/(-8))/((-3)/2227302) prime?
True
Let b(s) = 3*s**2 + s + 1. Let l be b(-1). Suppose -l*h + 2 = -5*h, 2*j - 5 = 3*h. Is (6 + (-3)/j)*1902/18 prime?
True
Let d(i) = 107*i**2 - 38*i + 34. Let v be d(30). Suppose -90*u + v = -79*u. Is u a composite number?
True
Let v = 2603 + 1651. Is (-1)/(-3 + 12756/v) prime?
True
Let l be 0/((-48)/8) - -5. Suppose 4*i + 1615 = c, -l*i - 3236 = -8*c + 6*c. Is c prime?
False
Is (4 - 20/4)*(-1 + 376911)/(-10) prime?
True
Let i be -45*1 + (-4)/(-4 + 0). Let r be (-2)/(-4)*(1 + -2)*i. Suppose r*k = 26*k - 628. Is k prime?
True
Suppose 5*f + 2*q - 174 = 121, 3*q - 243 = -4*f. Let h = 61 - f. Suppose 3967 = h*u - r, -5*r - 1006 = u - 2*u. Is u composite?
False
Let x be (-139)/(-14) + 30/420. Is (-123)/(x/(660/(-18))) a composite number?
True
Suppose 4*o = -5*q + 21843, 4*o + 6*q = 7*q + 21849. Suppose -5*n = -4*n - o. Is n a prime number?
False
Let t = 298785 - -1312232. Is t composite?
True
Let j(d) = 321*d**2 - 72*d + 221. Is j(30) composite?
True
Suppose -4*i = 5*i - 2457. Let h = i - -464. Is h a prime number?
False
Suppose -18*k + 447200 + 504884 - 117046 = 0. Is k prime?
False
Let m = 66119 - -28082. Is m a composite number?
False
Let r(m) = -578*m - 141. Let q(i) = 18*i - 148. Let t be q(8). Is r(t) composite?
True
Let b be (-1)/(-7 - -13) + 62/12. Suppose b*u - 12814 = 4*u + i, 38448 = 3*u - i. Is u prime?
False
Let u(z) be the third derivative of -z**4/12 + 10*z**3/3 - 21*z**2. Let d be u(10). Suppose -10*f + 1441 + 1429 = d. Is f prime?
False
Let o(k) = k**2 + 2*k + 3. Let p(d) = 26*d**2 + 40*d + 79. Let b(s) = -6*o(s) + p(s). Is b(-34) composite?
False
Is 10 + 92/(-8) + (-31993450)/(-20) a prime number?
False
Is 1152754/14 - 448/784 a composite number?
False
Let y = -642 + 636. Let x(r) = -2320*r + 77. Is x(y) a composite number?
False
Suppose 4*o - 40 = -2*p, -34 = -5*o - 3*p + 14. Let d(f) = 68*f**2 + 24*f - 73. Is d(o) prime?
True
Suppose -22089187 = -349*l - 3903146. Is l a prime number?
False
Suppose 6*y = 45613 + 9845. Let i = y + 6484. Is i prime?
True
Suppose 356*o = -3*r + 354*o + 46165, -o + 61560 = 4*r. Is r a prime number?
True
Suppose -4*s = -5*m - 6620, -3340 = -8*s + 6*s - 5*m. Let d = 3311 - s. Is d a prime number?
False
Let r = 650 - 645. Suppose -2*l + 1681 = -y, 7*l - r*y = 3*l + 3377. Is l composite?
True
Let p(g) = 228*g + 2. Let m be p(1). Let c(q) = 3*q**2 + 12*q + 13. Let v be c(-10). Suppose 2*a + d - 138 = m, -a = -4*d - v. Is a a prime number?
False
Let k(l) = -162*l**3 + 2*l**2 + 5*l + 4. Let y be 1 + (-10)/(-5) + -1. Suppose -a = 4*s - 13, -a - s - y = a. Is k(a) composite?
True
Suppose 62*u - 51*u = 33. Suppose -5*j = -2*q - 432 - 651, -u*q + 633 = 3*j. Is j prime?
False
Suppose 0 = 3*k + 4*s - s - 105, -k + 5*s = -5. Let w be ((-10410)/k)/((-2)/14). Is w*(1 - 2)*(3 + -4) a prime number?
False
Let x(p) = -24*p**2 + 10*p + 2. Let k be x(-6). Let u = 582 + k. Let z = 149 - u. Is z a composite number?
True
Let j = 13 - -18. Let l = j + -32. Is l/((-3)/31)*(-13 - -64) a composite number?
True
Let o(j) = -7*j + 40. Let u = -19 + 7. Let v be ((-65)/20 - -3) + 201/u. Is o(v) prime?
False
Let s = -16 + -21. Let u = -61 - s. Let d = -2 - u. Is d composite?
True
Suppose -3*v = 5*p - 4*p - 45838, 5*v = -5*p + 76410. Suppose 2*j = -5*y + 7*j, 5*y = 2*j + 15. Suppose 5*f + y*h = 13915, 4*f + 4182 - v = 5*h. Is f prime?
False
Suppose -u + 2*d = 0, 3*u = d - 15 - 0. Suppose 4*r - 4 = 0, -17 - 11 = -2*i + 4*r. Let j = u + i. Is j prime?
False
Let g(u) be the first derivative of u**4/4 + 5*u**3/3 - 4*u**2 + 4*u - 12. Let m be g(-6). Suppose 12*l = m*l - 124. Is l a composite number?
False
Let l = 44 - 42. Suppose 0 = 2*p - 3*i - 1447, l*p - 6*i - 1426 = -10*i. Is p prime?
True
Suppose i + 6*y - 2*y - 249883 = 0, 2*y + 499836 = 2*i. Is i a prime number?
True
Suppose 22 - 13 = 3*d. Suppose 0 = 2*f + d*c - 13348, -3*c + c - 20009 = -3*f. Is f prime?
False
Suppose -3*p - 3*h + 159792 = 0, 3*h = 3*p - 114388 - 45422. Is p a prime number?
True
Let v be 1/(-4*(-2)/16). Suppose v*q + 5*m - 26 = 1, -5*q - 5*m = -45. Is (-7 + q)*(0 + -311) prime?